+ 10*i - 9. Let d(q) = q**2 - 3*q + 5. Let g(l) = -5*d(l) - 2*m(l). Determine g(w).
7
Let l be 1 - 0 - 20/5. Let d be l/9 - 1/(-3). Suppose d = n + 3*y - 8 - 5, 4*n = y - 13. Let m(a) = -a - 1. What is m(n)?
1
Let k be 3 + (-5 - (-8)/2). Let w be 4/(-16)*8/k. Let l(d) = 1 + 0*d**2 - 3*d**3 - d**2 - 2*d**3. Calculate l(w).
5
Suppose -13*v = -11*v + 4. Let k(y) = 0 + 3*y + y**3 + 0 - 2. Let r(s) = -2*s**3 + s**2 - 6*s + 5. Let f(w) = -5*k(w) - 2*r(w). Determine f(v).
6
Let u(g) = -g**2 - 13*g - 14. Let i be u(-12). Let m(x) = -x**3 - 3*x**2 - 3*x - 1. Calculate m(i).
1
Let s(l) = -l - 1. Let y be s(-1). Let z(b) = b**3 + y*b**3 - 1 - b - 2*b**2 - 2*b**3. Calculate z(-2).
1
Suppose 4*y - j + 36 = 0, 1 = -4*y + 2*j - 35. Let v be (-48)/9 + (-3)/y. Let w(k) = -3*k + 8 + 4*k + 0. Calculate w(v).
3
Let f(b) = -b - 9. Let m = 2 + 1. Let n be (2/3)/(2/6). Suppose -a - n*q + 8 = -4*a, 3*a + m*q - 12 = 0. Determine f(a).
-9
Suppose 26*x - 29*x + 9 = 0. Let z(c) = 2*c + 1. Calculate z(x).
7
Let l(r) be the first derivative of -3*r**2/2 - 2*r - 2. Let d = 8 + -8. Suppose d*k + 8 = -4*k. What is l(k)?
4
Suppose -2*h - 32 = 2*h. Let a = h - -14. Let l(k) = k - 14. What is l(a)?
-8
Suppose -j - 4*k - 5 = 0, 3*j - 4*k + 6 = 5*j. Let b(s) = -s**3 + 11*s**2 - s + 15. Give b(j).
4
Let g(h) = -h + 1 - h**3 - 6*h**2 - 3*h + 3*h + 10*h**2. What is g(3)?
7
Let s(z) = 4*z + 9. Let c = -39 + 32. What is s(c)?
-19
Suppose -b + 4*b - 69 = 4*i, -i - 30 = -5*b. Let t be -2 + 5/(i/(-9)). Let u(k) = 6*k. Determine u(t).
6
Let b(v) be the second derivative of -v**3/3 - 3*v**2/2 - 2*v - 2. Calculate b(-4).
5
Let b(n) = 13*n**2 - 1. Let l be b(-1). Let i be -3 + l/(0 + 2). Let v(a) = -a - 2. Determine v(i).
-5
Let p(l) = l - 1. Let s(d) = -d**2 + 6*d - 3. Let x be s(3). Let u = x + -3. Determine p(u).
2
Suppose 0 = -0*v - 5*v + 5. Let h(z) = -2 - 4*z - v + 5*z. Let x(l) = -4*l. Let u be x(1). Calculate h(u).
-7
Let n(g) = -g**2 - g. Let r be n(0). Let k(u) = u**3 + r*u - 2*u**3 - u**2 + u + 0*u**2. Give k(1).
-1
Let l(n) = n. Suppose -2*u - 2*u = 12. What is l(u)?
-3
Let q(w) = 6*w**2 + 3*w - 1. Let z(r) = -7*r**2 - 2*r + 1. Let s(p) = 6*q(p) + 5*z(p). Calculate s(-6).
-13
Let g(l) be the second derivative of -l**6/360 - l**5/30 + 7*l**4/24 - l**3/6 - l. Let u(v) be the second derivative of g(v). What is u(-6)?
-5
Let k(v) = -v**2 + 5*v + 4. Let w be k(5). Let y(z) = 6*z - 3. Let g be y(1). Let c(s) = -2*s**3 + s**g + 0*s + 0*s**3 - 2*s**2 + 3*s + w. Determine c(-3).
4
Let q = 78 + -70. Let s(p) = -p**3 + 8*p**2 + 10. What is s(q)?
10
Let j = -14 + 7. Let m(t) = -t**3 - 6*t**2 + 6*t - 7. Determine m(j).
0
Let v(r) = -3*r**3 - 6*r**2 + 6 - r**2 + 8*r**2 - 7. Determine v(1).
-3
Let z = -9 - -14. Let v(b) = -2*b + z + b + 4. Give v(0).
9
Suppose -11 = -5*l - 1. Let a(f) be the first derivative of -1 + 1/4*f**4 + 0*f**3 - 3*f - 1/2*f**l. What is a(0)?
-3
Let p(t) = -t + 1. Let k be 9 + -12 - (2 + -6). Calculate p(k).
0
Let d(c) = -c + 1. Let s(q) = 15*q - 18. Let p(h) = -18*d(h) - s(h). What is p(-2)?
-6
Suppose 4*o - 20 = -5*j, 4*j + 0*j - 20 = -4*o. Let r(n) = n**2 - 4*n. Give r(o).
5
Let w = 18 + -15. Let a be (2 - 1) + -1*w. Let y(j) = j - 1. Determine y(a).
-3
Let b(f) be the second derivative of 0 + 7/6*f**3 + 1/2*f**2 + 7*f. Give b(-1).
-6
Let g(a) be the third derivative of -a**6/60 + a**5/20 - a**4/24 - a**3/6 - 2*a**2. Give g(2).
-7
Let j(y) = 0*y**3 - 3*y + 4*y - 1 - 6*y**2 + y**3. Calculate j(6).
5
Let j(z) = z**3 - 2*z**2 - z + 2. Let i be j(2). Let r(s) = 3*s + 3*s + 6*s**2 + 0*s**3 + i*s + s**3 + 7. Determine r(-5).
2
Let b = 4 + 2. Let l(n) = -b*n - 4 + 4. What is l(1)?
-6
Let m be (4/(-3))/(4/6). Let d(o) be the third derivative of -o**5/60 - o**4/12 - o**3/2 + 2*o**2. Determine d(m).
-3
Let p(g) = 33*g - 6 - g**2 + 2 - 42*g. Determine p(-8).
4
Let o(c) = c**3 - 4*c**2 - 6*c - 1. Let f(h) be the third derivative of h**4/8 - h**3/6 + 2*h**2. Let j be f(2). Calculate o(j).
-6
Suppose 5 = c + 2*m, 6*m = -5*c + 2*m + 37. Let r = -9 + c. Let y(q) = -q**3 + q**2 - q - 1. Determine y(r).
-1
Let a = -16 + 24. Let f(j) = -3*j - a - j**2 + 8. Suppose 6 = -2*x - 0*x. Give f(x).
0
Let o(a) = -a + 2. Suppose 2*m - 2 = 2*y, y + 1 = 3*m - m. Let c(g) = -g + 3. Let f be c(m). Give o(f).
-1
Let f(v) = -v**3 - 5*v**2 - v + 8. Let l be f(-4). Let k(q) = q + 4. Calculate k(l).
0
Let s(f) = f**2 + 2*f + 134. Let o be s(0). Let c(w) = -135*w**3 - 9 - 2*w + o*w**3 + 3*w. Calculate c(0).
-9
Let l(s) be the second derivative of 9*s + 0 - 1/6*s**3 - 1/2*s**2 + 1/4*s**4. What is l(-1)?
3
Suppose 3*u - 4*t = 7, 2*u - 3*u = 4*t + 19. Let d(o) = o**2 + 11*o + 3. Let q(x) = 2*x**2 + 23*x + 6. Let h(c) = 13*d(c) - 6*q(c). Determine h(u).
-3
Let u(p) = p**2 - 5*p - 7. Let o be u(7). Let w(y) = -y**3 - 4*y**2 - 3*y - 3. Let s be w(-3). Let r = s + o. Let f(v) = -v**2 + 7*v - 4. What is f(r)?
8
Let u(g) = g - 3. Let w = -33 - -27. Give u(w).
-9
Let x(f) = 1 - 3 - 2 - 2*f**2 + 6 + 5*f. Determine x(4).
-10
Suppose -2*d + 20 = 2*d. Let q(m) = m**3 - 5*m**2 - 2*m + 4. Give q(d).
-6
Let m(u) be the second derivative of -u**4/12 + u**2 - 9*u - 3. What is m(-2)?
-2
Let h(q) be the third derivative of q**6/120 - q**5/10 + q**4/12 + 4*q**3/3 - 15*q**2. Determine h(6).
20
Suppose j - 4*j + 36 = 0. Suppose 3*x - j + 9 = 0. Let i(y) = 10*y**3 - 2 - 2 + 5. What is i(x)?
11
Let x(c) = c**3 - c + 9. Suppose -4*q = -a + 5, a - 1 - 4 = q. Calculate x(q).
9
Let a(d) = d**2 + 7*d - 10. Suppose 2*x = 4*x + 16. Let m be a(x). Let r(l) = 6*l + 1. Give r(m).
-11
Let j(n) = 7*n**2 - 3*n - 9. Let v(f) = -15*f**2 + 7*f + 19. Let i(s) = -13*j(s) - 6*v(s). What is i(-5)?
-7
Let w(d) = d**2 - 6*d + 6. Let y = 1 - 1. Suppose -2*z + 5 + 7 = y. Give w(z).
6
Let f(h) be the second derivative of h**5/20 + 2*h**4/3 - 7*h**2/2 + 9*h. Give f(-8).
-7
Suppose 0 = 3*h + 4*v - 1 - 3, h - 5 = -5*v. Suppose h = -n + 5*n + 4. Let k(i) be the first derivative of -3*i**2 - 2. Calculate k(n).
6
Let f(p) = -5*p**2 - 6*p + 4. Let i(h) = -4*h**2 - 5*h + 4. Let a(j) = -3*f(j) + 4*i(j). Let b(q) be the first derivative of a(q). Give b(-2).
2
Let p(q) = -2*q - 3. Let r(x) = -x - 3. Let f(b) = 2*p(b) - 3*r(b). Give f(7).
-4
Let p(r) = r**3 + 4*r**2 - 15*r - 9. Let y be p(-6). Let c(k) = 2*k - 12. Give c(y).
6
Suppose 0 = -4*n + u + 8, 1 = -3*n + 3*u - 2. Let c(b) = -29 + b**2 - b - n*b + 24. What is c(5)?
0
Let j be 30/9*6/4. Let n(w) = -2 + 16*w + 1 - j*w. Suppose -3 = -l, 3*o + 5*l - 18 = -0*l. What is n(o)?
10
Let a(h) be the second derivative of h**3/6 - 2*h**2 - 3*h. Calculate a(2).
-2
Let t(z) = -z**2 - z. Let n(a) be the second derivative of -7*a**3/6 + a**2 + 9*a. Let x(y) = -n(y) + 2*t(y). Determine x(3).
-5
Let x(w) = -16*w**3 + 6*w**2 + 6*w + 5. Let o(t) = 15*t**3 - 5*t**2 - 5*t - 4. Let y(f) = 6*o(f) + 5*x(f). Let j = -3 + 2. What is y(j)?
-9
Let m(g) be the first derivative of 2*g**3/3 + g**2 - 3*g - 4. Suppose 2 = a - 0. Suppose 0 = -2*l - a - 4. Determine m(l).
9
Let f(j) = -3*j**3 + 5*j + 1 + 7*j - 13*j. Let n = 9 + -5. Suppose 2*s = -2 + n. Give f(s).
-3
Let i(d) = -d**3 - 4*d**2 + 5. Let s be 2/(-12)*-10*3. Suppose l - 15 = 3*k - 0*l, 3*l = -k + s. Calculate i(k).
5
Let n(k) = -k**3 + 2*k**2 + 3*k - 2. Let o(l) = -l**2 - 8*l + 8. Let u be o(-10). Let c be 20/(-50) - u/5. What is n(c)?
4
Let m(u) be the second derivative of -u**3/6 + 3*u**2 - 4*u. Give m(7).
-1
Let j(r) be the second derivative of -r**6/120 - r**5/20 + r**4/6 + r**3 - 2*r**2 + 4*r. Let v(l) be the first derivative of j(l). Determine v(-4).
6
Let k = -7 + 7. Let j(u) = 3*u - 1 + u**2 - u**3 - 1 + k*u**2 + u**2. Let i = 3 - 1. What is j(i)?
4
Let d(u) = -u**2 + 1. Let j = 84 - 83. What is d(j)?
0
Let u = -4 - -6. Suppose 5*a + 5*c + 40 = c, 13 = -u*a - c. Let o(q) = q**3 + 3*q**2 - 3*q - 5. Calculate o(a).
-9
Let b(a) = -11*a**3 - 15*a**2 + 13*a + 7. Let s(p) = -4*p**3 - 5*p**2 + 4*p + 2. Let h(v) = -3*b(v) + 8*s(v). What is h(-6)?
1
Let u(j) = -5*j**3 + j**2 - j. Let a be ((-2)/5)/((-5)/75). Let o be ((-2)/a)/(2/(-42)). Suppose 3*f + 4 = o*f. Calculate u(f).
-5
Let l(q) be the third derivative of q**4/24 + q**3/3 - 2*q**2. What is l(0)?
2
Let i(o) be the third derivative of -o**5/60 + o**4/12 + o**3/3 - 11*o**2. Determine i(5).
-13
Let w(d) = -d**2 - 6*d - 3. Let k